{"id":7108,"date":"2024-01-09T15:14:33","date_gmt":"2024-01-09T15:14:33","guid":{"rendered":"https:\/\/www.tabique.pt\/?page_id=7108"},"modified":"2023-06-01T09:03:46","modified_gmt":"2023-06-01T09:03:46","slug":"politica-de-privacidade","status":"publish","type":"page","link":"https:\/\/www.tabique.pt\/index.php\/politica-de-privacidade\/","title":{"rendered":"Pol\u00edtica de Privacidade"},"content":{"rendered":"<div class=\"wpb-content-wrapper\"><p>[vc_row css=&#8221;.vc_custom_1676557426229{padding-top: 75px !important;padding-bottom: 50px !important;}&#8221;][vc_column][vc_column_text]<span style=\"color: #232323;\"><strong>Pol\u00edtica de Privacidade<\/strong><\/span><\/p>\n<p><span style=\"color: #232323;\">Antes de mais, o objetivo do presente site \u00e9 oferecer informa\u00e7\u00e3o sobre a Tabique Engenharia, Lda. sobre os nossos servi\u00e7os e atividades. Este site \u00e9, portanto, propriedade da Tabique Engenharia, Lda., sita na Rua Domingos Jos\u00e9 Ara\u00fajo, N\u00ba 15, Nogueir\u00f3 4715-316 Braga.<\/span><\/p>\n<p><span style=\"color: #232323;\"><strong>Google Analytics<\/strong><\/span><\/p>\n<p><span style=\"color: #232323;\">O website www.tabique.pt utiliza o Google Analytics, uma ferramenta de an\u00e1lise de sites desenvolvida pela Google, Inc. (Google). Com efeito, os dados recolhidos pelos cookies referentes \u00e0 utiliza\u00e7\u00e3o do site (dados de tr\u00e1fego, incluindo o endere\u00e7o IP) empregam-se, apenas, para fins estat\u00edsticos e de forma global.<\/span><\/p>\n<p><span style=\"color: #232323;\">Nesse sentido, o Google utiliza os dados recolhidos para avaliar a utiliza\u00e7\u00e3o do website www.tabique.pt, e preparar relat\u00f3rios sobre o funcionamento do mesmo. Para al\u00e9m disso, o Google permite tamb\u00e9m transferir informa\u00e7\u00e3o a terceiros, se a lei assim o exigir, ou se o terceiro processar a informa\u00e7\u00e3o em nome da Google. Se deseja obter mais informa\u00e7\u00f5es sobre o tratamento de dados realizado pelo o Google, veja a Pol\u00edtica de Privacidade do Google (<a style=\"color: #232323;\" href=\"https:\/\/policies.google.com\/privacy?hl=pt-PT&amp;gl=pt\">https:\/\/policies.google.com\/privacy?hl=pt-PT&amp;gl=pt<\/a>).<\/span><\/p>\n<p><span style=\"color: #232323;\"><strong>Cookies<\/strong><\/span><\/p>\n<p><span style=\"color: #232323;\">A saber, os cookies s\u00e3o pequenos ficheiros de dados que s\u00e3o transferidos de www.tabique.pt para o disco do seu computador. De ressalvar que ao descarregar os cookies estamos seguros, pois n\u00e3o cont\u00eam v\u00edrus inform\u00e1ticos e n\u00e3o podem ser utilizados para transmitir ou armazenar informa\u00e7\u00e3o pessoal. Com efeito, os cookies classificam-se como \u201cde sess\u00e3o\u201d ou \u201cpermanentes\u201d. Vejamos, por exemplo, algumas diferen\u00e7as:<\/span><\/p>\n<ul>\n<li><span style=\"color: #232323;\">o cookies de sess\u00e3o n\u00e3o permanecem no computador quando se abandona o site ou se fecha o navegador. Portanto, a informa\u00e7\u00e3o recolhida permite \u00e0 Tabique Engenharia, Lda analisar padr\u00f5es de tr\u00e1fego sobre o website. Nesse sentido, e com o passar do tempo, podemos oferecer aos utilizadores uma melhor experi\u00eancia no site. Ir\u00e1 permitir melhorarmos continuamente o conte\u00fado, fazer ajustes e facilitar a sua utiliza\u00e7\u00e3o.<\/span><\/li>\n<li><span style=\"color: #232323;\">os cookies permanentes permanecem no computador quando abandona o site www.tabique.pt. A Tabique Engenharia, Lda utiliza este tipo de cookies para analisar se os utilizadores regressam ao site. Desta forma podemos saber se o site \u00e9 \u00fatil, interessante e valioso para o utilizador.<\/span><\/li>\n<\/ul>\n<p><span style=\"color: #232323;\">Contudo, \u00e9 poss\u00edvel n\u00e3o aceitar os cookies no seu computador selecionando o ajuste correspondente no seu navegador.<\/span><\/p>\n<p><span style=\"color: #232323;\">Veja como pode faz\u00ea-lo nos tr\u00eas navegadores mais utilizados:<\/span><br \/>\n<span style=\"color: #232323;\"><a style=\"color: #232323;\" href=\"https:\/\/support.microsoft.com\/pt-pt\/help\/17442\/windows-internet-explorer-delete-manage-cookies\">https:\/\/support.microsoft.com\/pt-pt\/help\/17442\/windows-internet-explorer-delete-manage-cookies<\/a><\/span><br \/>\n<span style=\"color: #232323;\"><a style=\"color: #232323;\" href=\"https:\/\/support.mozilla.org\/pt-PT\/kb\/ativar-desativar-cookies-websites-utilizam-monitorizar-preferencias?redirectlocale=pt-PT&amp;redirectslug=ativar-e-desativar-cookies-que-os-websites-utiliza\">https:\/\/support.mozilla.org\/pt-PT\/kb\/ativar-desativar-cookies-websites-utilizam-monitorizar-preferencias?redirectlocale=pt-PT&amp;redirectslug=ativar-e-desativar-cookies-que-os-websites-utiliza<\/a><\/span><\/p>\n<p><span style=\"color: #232323;\"><a style=\"color: #232323;\" href=\"https:\/\/support.google.com\/accounts\/answer\/61416?co=GENIE.Platform%3DDesktop&amp;hl=pt-BR\">https:\/\/support.google.com\/accounts\/answer\/61416?co=GENIE.Platform%3DDesktop&amp;hl=pt-BR<\/a><\/span><\/p>\n<p><span style=\"color: #232323;\">Devemos acrescentar que, caso n\u00e3o aceite os cookies, \u00e9 poss\u00edvel que n\u00e3o possa utilizar todas as funcionalidades do site www.tabique.pt.<\/span><\/p>\n<p><span style=\"color: #232323;\"><strong>Dados Pessoais<\/strong><\/span><\/p>\n<p><span style=\"color: #232323;\">Em primeiro lugar, na Tabique Engenharia, Lda. estamos cientes que a utiliza\u00e7\u00e3o dos seus dados pessoais requer que a mesma se processe de forma consciente e com base numa rela\u00e7\u00e3o de confian\u00e7a.<\/span><\/p>\n<p><span style=\"color: #232323;\">Por isso, respeitamos a sua privacidade e processamos os seus dados no estreito respeito da legisla\u00e7\u00e3o em vigor.<\/span><br \/>\n<span style=\"color: #232323;\">Assim, esta p\u00e1gina d\u00e1-lhe informa\u00e7\u00f5es sobre as nossas pol\u00edticas relativas \u00e0 recolha, utiliza\u00e7\u00e3o e divulga\u00e7\u00e3o de Informa\u00e7\u00f5es Pessoais quando utiliza o nosso website.<\/span><\/p>\n<p><span style=\"color: #232323;\">O Regulamento Geral de Prote\u00e7\u00e3o de Dados \u2013 Regulamento 2016\/679 de 27 de abril, considera que s\u00e3o dados pessoais a &#8220;informa\u00e7\u00e3o relativa a uma pessoa singular identificada ou identific\u00e1vel (\u00abtitular dos dados\u00bb). \u00c9 considerada identific\u00e1vel uma pessoa singular que possa ser identificada, direta ou indiretamente, em especial por refer\u00eancia a um identificador, como por exemplo um nome, um n\u00famero de identifica\u00e7\u00e3o, dados de localiza\u00e7\u00e3o, identificadores por via eletr\u00f3nica ou a um ou mais elementos espec\u00edficos da identidade f\u00edsica, fisiol\u00f3gica, gen\u00e9tica, mental, econ\u00f3mica, cultural ou social dessa pessoa singular\u201d.<\/span><\/p>\n<p><span style=\"color: #232323;\"><strong>Origem e tipo de dados pessoais recolhidos<\/strong><\/span><\/p>\n<p><span style=\"color: #232323;\">Por Dados Pessoais entende-se toda a informa\u00e7\u00e3o que o possa identificar enquanto pessoa singular, tal como nome, morada, e-mail, contacto telef\u00f3nico ou n\u00famero fiscal.<\/span><\/p>\n<p><span style=\"color: #232323;\">Por outras palavras, estas informa\u00e7\u00f5es podem ser recolhidas atrav\u00e9s de:<\/span><\/p>\n<ul>\n<li><span style=\"color: #232323;\">Uso, visualiza\u00e7\u00f5es e dados t\u00e9cnicos, incluindo seu identificador de dispositivo ou endere\u00e7o IP, quando visita o nosso website ou abre e-mails que enviamos;<\/span><\/li>\n<li><span style=\"color: #232323;\">Pesquisas realizadas no nosso website;<\/span><\/li>\n<li><span style=\"color: #232323;\">Preenchimento de formul\u00e1rios existentes no nosso website;<\/span><\/li>\n<li><span style=\"color: #232323;\">Subscri\u00e7\u00e3o de Newsletters.<\/span><\/li>\n<\/ul>\n<p><span style=\"color: #232323;\"><strong>Finalidade dos dados pessoais<\/strong><\/span><\/p>\n<p><span style=\"color: #232323;\">Os dados recolhidos no nosso website destinam-se a:<\/span><\/p>\n<ul>\n<li><span style=\"color: #232323;\">Processamento de pedidos de informa\u00e7\u00e3o por parte dos Clientes;<\/span><\/li>\n<li><span style=\"color: #232323;\">Estudos de mercado, avalia\u00e7\u00e3o de perfil e prefer\u00eancias de consumidores, com a finalidade de:<\/span>\n<ul>\n<li><span style=\"color: #232323;\">Detetar poss\u00edveis tend\u00eancias de mercado;<\/span><\/li>\n<li><span style=\"color: #232323;\">Cria\u00e7\u00e3o de sugest\u00f5es pessoais;<\/span><\/li>\n<li><span style=\"color: #232323;\">An\u00e1lise do comportamento dos utilizadores de modo a melhorar a experi\u00eancia no website;<\/span><\/li>\n<li><span style=\"color: #232323;\">Envio de convites para iniciativas desenvolvidas pela Tabique Engenharia, Lda.;<\/span><\/li>\n<li><span style=\"color: #232323;\">Campanhas e acontecimentos relacionados com a empresa, suas associadas ou parceiros;<\/span><\/li>\n<li><span style=\"color: #232323;\">Detetar, investigar e impedir atividades que possam ser ilegais ou violar as nossas pol\u00edticas.<\/span><\/li>\n<\/ul>\n<\/li>\n<\/ul>\n<p><span style=\"color: #232323;\"><strong>Como \u00e9 que mantemos os seus dados pessoais seguros?<\/strong><\/span><\/p>\n<p><span style=\"color: #232323;\">Para tal, assumimos o compromisso de garantir a prote\u00e7\u00e3o da seguran\u00e7a dos dados pessoais que nos s\u00e3o disponibilizados, uma vez que aprovamos e implementamos rigorosas medidas, t\u00e9cnicas e organizativas, nesta mat\u00e9ria. O cumprimento destas regras constitui uma obriga\u00e7\u00e3o de todos aqueles que aos mesmos acedem, assim:<\/span><\/p>\n<ul>\n<li><span style=\"color: #232323;\">Acesso restrito aos seus dados pessoais;<\/span><\/li>\n<li><span style=\"color: #232323;\">Transfer\u00eancia de dados de forma encriptada;<\/span><\/li>\n<li><span style=\"color: #232323;\">Armazenamento de dados pessoais de forma encriptada;<\/span><\/li>\n<li><span style=\"color: #232323;\">Prote\u00e7\u00e3o dos sistemas de tecnologias de informa\u00e7\u00e3o atrav\u00e9s de firewalls;<\/span><\/li>\n<li><span style=\"color: #232323;\">Monitoriza\u00e7\u00e3o permanente dos acessos aos sistemas de tecnologia da informa\u00e7\u00e3o, prevenindo, detetando e impedindo o uso indevido dos seus dados.<\/span><\/li>\n<\/ul>\n<p><span style=\"color: #232323;\"><strong>Durante quanto tempo conservamos os seus dados pessoais?<\/strong><\/span><\/p>\n<p><span style=\"color: #232323;\">Quando n\u00e3o existe uma obriga\u00e7\u00e3o legal de conserva\u00e7\u00e3o dos dados pessoais, os dados pessoais ser\u00e3o conservados pelo tempo necess\u00e1rio para a finalidade para a qual foram recolhidos. Por conseguinte, findo o qual os mesmos ser\u00e3o anonimizados ou destru\u00eddos.<\/span><\/p>\n<p><span style=\"color: #232323;\">No \u00e2mbito das finalidades descritas nesta Pol\u00edtica de Privacidade, os seus dados pessoais ir\u00e3o ser conservados at\u00e9 ao prazo m\u00e1ximo de 12 meses, contados a partir do \u00faltimo contacto realizado.<\/span><\/p>\n<p><span style=\"color: #232323;\">Assim, os seus dados n\u00e3o ser\u00e3o utilizados para fins diferentes daqueles para que nos deu o consentimento.<\/span><\/p>\n<p><span style=\"color: #232323;\"><strong>Em que circunst\u00e2ncias existe comunica\u00e7\u00e3o de dados a outras entidades (terceiros e subcontratados)?<\/strong><\/span><\/p>\n<p><span style=\"color: #232323;\">No \u00e2mbito da sua atividade, a Tabique Engenharia, Lda. poder\u00e1 recorrer a terceiros para a presta\u00e7\u00e3o de determinados servi\u00e7os.<\/span><\/p>\n<p><span style=\"color: #232323;\">\u00c0s vezes, a presta\u00e7\u00e3o destes servi\u00e7os implica o acesso, por estas entidades, a dados pessoais dos nossos Clientes, mantendo-se a Tabique Engenharia, Lda. respons\u00e1vel pelos dados pessoais que disponibilize. Quando tal sucede, s\u00e3o tomadas as medidas adequadas, de forma a assegurar que as entidades que tenham acesso aos dados s\u00e3o reputadas e oferecem as mais elevadas garantias a este n\u00edvel. Com toda a certeza que ficar\u00e1 devidamente consagrado e acautelado em contrato a assinar entre as partes.<\/span><\/p>\n<p><span style=\"color: #232323;\">Assim, qualquer entidade subcontrata, ter\u00e1 a obriga\u00e7\u00e3o de adotar as medidas t\u00e9cnicas e organizacionais necess\u00e1rias de forma a proteger os dados pessoais contra a destrui\u00e7\u00e3o, acidental ou il\u00edcita, a perda acidental, a altera\u00e7\u00e3o, a difus\u00e3o ou o acesso n\u00e3o autorizado e contra qualquer outra forma de tratamento il\u00edcito.<\/span><\/p>\n<p><span style=\"color: #232323;\"><strong>Como \u00e9 que pode aceder, alterar, retificar os seus dados pessoais ou retirar o seu consentimento?<\/strong><\/span><\/p>\n<p><span style=\"color: #232323;\">Na Tabique Engenharia, Lda garantimos os meios que permitam o seu acesso, na qualidade de Titular dos Dados, aos seus dados pessoais. Dessa forma, caso pretenda aceder aos seus Dados Pessoais, poder\u00e1 entrar em contacto com tabique@tabique.pt<\/span><\/p>\n<p><span style=\"color: #232323;\">Assim, o Titular dos Dados tem o direito de solicitar, a qualquer momento, a retifica\u00e7\u00e3o dos seus Dados Pessoais, junto do encarregado de prote\u00e7\u00e3o de dados \u2013 tabique@tabique.pt<\/span><\/p>\n<p><span style=\"color: #232323;\">Da mesma forma, o Titular dos Dados tem o direito de retirar, a qualquer momento, o consentimento prestado ou requerer a elimina\u00e7\u00e3o dos seus Dados Pessoais, atrav\u00e9s de pedido junto do encarregado de prote\u00e7\u00e3o de dados \u2013 tabique@tabique.pt<\/span><\/p>\n<p><span style=\"color: #232323;\"><strong>Altera\u00e7\u00f5es a esta Pol\u00edtica de Privacidade<\/strong><\/span><\/p>\n<p><span style=\"color: #232323;\">Podemos atualizar a nossa Pol\u00edtica de Privacidade periodicamente. Avis\u00e1-lo-emos de quaisquer altera\u00e7\u00f5es publicando a nova Pol\u00edtica de Privacidade nesta p\u00e1gina.<\/span><\/p>\n<p><span style=\"color: #232323;\"><strong>Contactos<\/strong><\/span><\/p>\n<p><span style=\"color: #232323;\">Se tiver alguma d\u00favida relacionada com a nossa pol\u00edtica de privacidade, entre em contacto connosco atrav\u00e9s dos seguintes meios:<\/span><br \/>\n<span style=\"color: #232323;\">NIF: 503888460<\/span><br \/>\n<span style=\"color: #232323;\">Email: tabique@tabique.pt<\/span><br \/>\n<span style=\"color: #232323;\">Telefone: (+351) 253 220 573<\/span><br \/>\n<span style=\"color: #232323;\">Morada: Rua Domingos Jos\u00e9 Ara\u00fajo, N\u00ba 15, Nogueir\u00f3 4715-316 Braga<\/span>[\/vc_column_text][\/vc_column][\/vc_row][vc_row content_placement=&#8221;middle&#8221; parallax=&#8221;enable_parallax&#8221; css=&#8221;.vc_custom_1666186456411{padding-top: 92px !important;padding-bottom: 45px !important;background-image: url(https:\/\/www.tabique.pt\/wp-content\/uploads\/2022\/10\/cta.jpg?id=7232) !important;background-position: center;background-repeat: no-repeat;background-size: cover !important;}&#8221;][vc_column align=&#8221;text-center&#8221; offset=&#8221;vc_col-md-7&#8243; responsive_align=&#8221;text-md-left&#8221; css=&#8221;.vc_custom_1531743285914{margin-bottom: 45px !important;}&#8221;]<style>.ld_fancy_heading_6a0716f0e227e h2{font-size:24px;line-height:1.2em;font-weight:600;letter-spacing:-0.015em;color:rgb(255, 255, 255);}@media (min-width: 992px) { .ld_fancy_heading_6a0716f0e227e h2 {margin-bottom:0px !important;  }  } .ld_fancy_heading_6a0716f0e227e .lqd-highlight-inner{height:0.275em;bottom:0px;}@media (min-width: 992px) { .ld_fancy_heading_6a0716f0e227e h2 {margin-bottom:0px !important;  }  } <\/style><div class=\"ld-fancy-heading mask-text text-underline ld_fancy_heading_6a0716f0e227e\">\n\t<h2 class=\"lqd-highlight-underline lqd-highlight-grow-left\" data-fittext=\"true\" data-fittext-options='{\"compressor\":0.5,\"maxFontSize\":\"currentFontSize\",\"minFontSize\":\"25\"}' data-split-text=\"true\" data-custom-animations=\"true\" data-ca-options='{\"triggerHandler\":\"inview\",\"animationTarget\":\".lqd-lines .split-inner\",\"duration\":700,\"delay\":100,\"easing\":\"easeOutQuint\",\"direction\":\"forward\",\"initValues\":{\"translateY\":84,\"rotateZ\":10},\"animations\":{\"translateY\":0,\"rotateZ\":0}}' data-split-options='{\"type\":\"lines\"}'><span class=\"ld-fh-txt\"> Pretende alguma Solu\u00e7\u00e3o \u00e0 medida?<br \/>\n<span style=\"text-decoration: underline\">Vamos trabalhar juntos<\/span><\/span><\/h2><\/div>[\/vc_column][vc_column enable_content_animation=&#8221;yes&#8221; ca_init_scale_x=&#8221;1&#8243; ca_init_scale_y=&#8221;1&#8243; ca_init_scale_z=&#8221;1&#8243; ca_init_opacity=&#8221;0&#8243; ca_an_scale_x=&#8221;1&#8243; ca_an_scale_y=&#8221;1&#8243; ca_an_scale_z=&#8221;1&#8243; ca_an_opacity=&#8221;1&#8243; align=&#8221;text-center&#8221; offset=&#8221;vc_col-md-offset-2 vc_col-md-3&#8243; ca_init_translate_y=&#8221;39&#8243; responsive_align=&#8221;text-md-right&#8221;]<style>.ld_button_6a0716f0e2439.btn-icon-solid .btn-icon{background:rgb(255, 255, 255);}.ld_button_6a0716f0e2439.btn-icon-circle.btn-icon-ripple .btn-icon:before{border-color:rgb(255, 255, 255);}.ld_button_6a0716f0e2439.btn-icon-solid:hover .btn-icon{background:rgb(0, 0, 0);}.ld_button_6a0716f0e2439{background-color:rgb(255, 255, 255);border-color:rgb(255, 255, 255);color:rgb(0, 0, 0);font-size:16px !important;letter-spacing:0.01em !important;}.ld_button_6a0716f0e2439:hover{background-color:rgb(0, 0, 0);border-color:rgb(0, 0, 0);}.ld_button_6a0716f0e2439 .btn-gradient-bg-hover{background:-webkit-linear-gradient(to right, rgb(0, 0, 0) 0%, rgb(0, 0, 0) 100%);background:linear-gradient(to right, rgb(0, 0, 0) 0%, rgb(0, 0, 0) 100%);}.ld_button_6a0716f0e2439 .btn-gradient-border defs stop:first-child{stop-color:rgb(255, 255, 255);}.ld_button_6a0716f0e2439 .btn-gradient-border defs stop:last-child{stop-color:rgb(255, 255, 255);}.ld_button_6a0716f0e2439:hover .btn-gradient-border defs stop:first-child{stop-color:rgb(0, 0, 0);}.ld_button_6a0716f0e2439:hover .btn-gradient-border defs stop:last-child{stop-color:rgb(0, 0, 0);}<\/style><a href=\"https:\/\/www.tabique.pt\/index.php\/contactos-pt\/\" title=\"Contactos\" class=\"btn btn-solid semi-round btn-bordered border-thin ld_button_6a0716f0e2439 vc_custom_1678717888941\">\n\t<span>\n\t\t\n\t\t\t\t\t<span class=\"btn-txt\">Contacte-nos<\/span>\n\t\t\t\n\t\t\t\t<\/span>\n<\/a>\n[\/vc_column][\/vc_row]<\/p>\n<\/div>","protected":false},"excerpt":{"rendered":"<p>[vc_row css=&#8221;.vc_custom_1676557426229{padding-top: 75px !important;padding-bottom: 50px !important;}&#8221;][vc_column][vc_column_text]Pol\u00edtica de Privacidade Antes de mais, o objetivo do presente&#8230;<\/p>\n","protected":false},"author":2,"featured_media":0,"parent":0,"menu_order":0,"comment_status":"closed","ping_status":"closed","template":"","meta":{"om_disable_all_campaigns":false,"_monsterinsights_skip_tracking":false,"_monsterinsights_sitenote_active":false,"_monsterinsights_sitenote_note":"","_monsterinsights_sitenote_category":0,"_uf_show_specific_survey":0,"_uf_disable_surveys":false,"footnotes":""},"class_list":["post-7108","page","type-page","status-publish","hentry"],"aioseo_notices":[],"_links":{"self":[{"href":"https:\/\/www.tabique.pt\/index.php\/wp-json\/wp\/v2\/pages\/7108","targetHints":{"allow":["GET"]}}],"collection":[{"href":"https:\/\/www.tabique.pt\/index.php\/wp-json\/wp\/v2\/pages"}],"about":[{"href":"https:\/\/www.tabique.pt\/index.php\/wp-json\/wp\/v2\/types\/page"}],"author":[{"embeddable":true,"href":"https:\/\/www.tabique.pt\/index.php\/wp-json\/wp\/v2\/users\/2"}],"replies":[{"embeddable":true,"href":"https:\/\/www.tabique.pt\/index.php\/wp-json\/wp\/v2\/comments?post=7108"}],"version-history":[{"count":8,"href":"https:\/\/www.tabique.pt\/index.php\/wp-json\/wp\/v2\/pages\/7108\/revisions"}],"predecessor-version":[{"id":8204,"href":"https:\/\/www.tabique.pt\/index.php\/wp-json\/wp\/v2\/pages\/7108\/revisions\/8204"}],"wp:attachment":[{"href":"https:\/\/www.tabique.pt\/index.php\/wp-json\/wp\/v2\/media?parent=7108"}],"curies":[{"name":"wp","href":"https:\/\/api.w.org\/{rel}","templated":true}]}}